v - s, -2*v + 3*r = 3*v - 13. What is the units digit of v?
5
Let o = -49 - -6. What is the units digit of (-4)/12 - o/3?
4
Suppose -7 = 3*g - 4*n, 4*g + n - 2*n - 8 = 0. Suppose 0 = -a + 7 + g. What is the units digit of a?
0
Suppose 3*w - 3*p - 14 = w, 0 = -2*p. Suppose -11*j + w*j + 76 = 0. What is the units digit of j?
9
What is the tens digit of (2/2)/((-2)/134*-1)?
6
Suppose -10 = -3*h - 1. Let v = 0 - 0. Suppose v = 2*j + h*j - 40. What is the units digit of j?
8
What is the units digit of -4*-2*(-6)/(-16)?
3
Suppose -5*j - 16 = -66. Let l = j - 1. What is the units digit of l?
9
Let f be (1 - 7/1)/(-2). Suppose -5*v = f - 23. Suppose v*j - 16 = 12. What is the units digit of j?
7
Let t(q) = -q**2 - 5*q + 4. Let n be t(-5). Suppose 3*c + 49 = 4*k, 3*c + c - 28 = -n*k. Suppose -2*v + 0*v = -k. What is the units digit of v?
5
Suppose -53 = -2*t + 3*t. Let j = -28 - t. What is the tens digit of j?
2
Let d(u) = 9*u - 5. What is the units digit of d(4)?
1
Suppose -2*d + 0*d + 24 = -4*m, 3*m = 5*d - 39. Suppose 4*v - 5*a = 122, 0 = -a + 4*a + d. What is the units digit of v?
8
Let a(s) = s**2 + 2*s - 6. Suppose 5*q + 54 = 19. What is the tens digit of a(q)?
2
Let y be 2/1*3*-1. Let p = -6 - y. Suppose -5*j - 10 + 25 = p, 4*j = -3*a + 42. What is the units digit of a?
0
What is the units digit of (-2)/((-10)/305) + 3?
4
Let y(g) = 15*g**3 + 8*g + 1. Let p(u) = 14*u**3 + 9*u + 1. Let i(o) = 6*p(o) - 7*y(o). What is the units digit of i(-1)?
2
Let b(o) = 6*o - 6. What is the units digit of b(7)?
6
Suppose h = -h + 4. Suppose h*y = -2 + 64. What is the units digit of y?
1
Suppose -5 = -t - 1. Let m = 9 - -21. Suppose m = 4*o - 3*d + 9, -26 = -t*o + 2*d. What is the units digit of o?
9
Suppose -5*b = -4*m - 535, -2*b + 4*b - 5*m - 231 = 0. What is the units digit of b?
3
Let u be (-1)/3 + 26/6. Suppose 3*h = u*w + 32, 5*h - 67 + 17 = 5*w. What is the units digit of h?
8
Let a = 6 - 3. Suppose -4*p = -2*t - 3*p + 53, 2*t = -a*p + 33. Suppose 0*z = 4*z - t. What is the units digit of z?
6
Suppose -p + 42 = 9. What is the tens digit of p?
3
Let d(o) = -50*o - 4. What is the units digit of d(-3)?
6
What is the units digit of (-4)/(-1 - 0) + 22?
6
Let u be (-4)/((-16)/36) - 1. Suppose 2 - u = -a. What is the units digit of a?
6
What is the units digit of 3 - (-4)/(-2) - -14?
5
Suppose 2*q - 1 + 3 = 0. Let i be 1*(q + 2)*0. Suppose -2*l + i*l = -4, -4*n + 12 = -2*l. What is the units digit of n?
4
Let u(i) = 2*i**2 + 26*i + 35. Let j(g) = 3*g**2 + 39*g + 53. Let p(s) = 5*j(s) - 8*u(s). What is the units digit of p(-11)?
7
Let f = -12 - -29. What is the units digit of f?
7
Let y be ((-3)/(-3) - 2)*-2. Suppose 0 = -j + 3*j - 4, -2*o + 16 = -y*j. Suppose 3*p = 2*z - 24, -p - o = -z - 0*p. What is the units digit of z?
6
Let o = -34 - -70. What is the tens digit of o?
3
Suppose 4*y - 7*y + 330 = 0. What is the tens digit of y?
1
Let i(y) be the first derivative of y**3/6 + 3*y**2 + y + 1. Let m(s) be the first derivative of i(s). What is the units digit of m(-3)?
3
What is the units digit of 0 + 8 + -4 + 42?
6
Let v = 248 + -110. What is the tens digit of v?
3
Suppose 240 = 4*d - 5*t, 4*d + t = 7*d - 191. What is the units digit of d?
5
Suppose 3*n - 5*n = -116. What is the tens digit of n?
5
Let i be 3/(-1) - (1 + -8). Suppose -5*n + 79 - i = 0. What is the units digit of n?
5
Let s(b) = b**3 + 3*b**2 - b + 2. Let g be s(-2). Suppose 2 - g = -j. What is the units digit of j?
6
Let o(m) = 14*m - 3. What is the units digit of o(4)?
3
Let i(l) = l - 16. Let c be i(15). What is the units digit of c*(-9)/((-2)/(-2))?
9
Let y = -16 + 16. Suppose y = -2*x - 3 + 85. What is the units digit of x?
1
Let y be (-76)/5 + 3/15. Let v = 20 + y. What is the units digit of v?
5
Let w be 2/6 + (-10)/(-15). Let v(c) = 9*c**2 + 2*c - 1. Let q be v(w). Let f = -3 + q. What is the units digit of f?
7
What is the units digit of (-4)/(-14) - ((-2628)/14 - 1)?
9
Let o(v) = -5 - 1 - 6*v + 0*v**2 + v**2. Let y be o(7). Let f = y - 0. What is the units digit of f?
1
Let d(g) = -3*g + 1. Let s be d(-6). What is the units digit of 3 + (s - (-1 + 3))?
0
Let q(i) = i**3 + 3 + 3*i**2 + 1 + 7*i - 11*i. What is the units digit of q(-4)?
4
Let j(n) = n + 2. Let i be j(0). Suppose -t + p + 12 = 2*p, i*t - 27 = -5*p. What is the tens digit of t?
1
What is the tens digit of -24*4/(-1 + -3)?
2
Let n(f) be the third derivative of -f**4/4 + f**3/6 + 4*f**2. What is the units digit of n(-2)?
3
Suppose 17 = f + q, 2*f + 13 - 31 = 2*q. Suppose -c - 2 + f = 2*u, -u - 7 = 3*c. What is the units digit of u?
8
What is the units digit of (-2)/6 + ((-800)/(-6) - 4)?
9
Let u(r) = -3*r - 2 - 3*r - r**2 + 0*r. Let z(h) = -h**2 - h. Let o(s) = u(s) - 4*z(s). What is the tens digit of o(-2)?
1
Let r(v) = -7*v - 6. Let i be r(-5). Let f = i - 14. Let g = f + -5. What is the units digit of g?
0
Let f(i) = -i**2 + 5*i + 3. Let y be f(4). Suppose -2*h = -y*h + 70. Suppose 4*m - 2*m = h. What is the units digit of m?
7
What is the units digit of 15/(-3)*(3 + -8)?
5
Let o be (52/3)/((-6)/(-18)). What is the tens digit of o/4 + (-1 - -2)?
1
Suppose 2*u = 4*u - 14. What is the units digit of u?
7
Let f(b) be the third derivative of 7*b**4/24 + 11*b**3/6 + 3*b**2. What is the tens digit of f(5)?
4
What is the units digit of -22*2*(-3)/12?
1
Let t(l) = -l**3 + 6*l**2 + 3. Let y be t(6). Suppose k = n - 13, 4*n + y*k = -k + 28. What is the units digit of n?
0
Suppose 0 = 2*w + 2*o - 4, 4*o - 4 = -6*w + 3*w. Let f(m) = 0*m**3 - w*m**2 + m**2 + m**2 + 2 + m**3. What is the units digit of f(3)?
1
Let b(q) = -9*q**3 - 2*q**2 - 2*q - 1. Let h be b(-1). Let x = h - 3. What is the units digit of x?
5
Let y = -13 + 34. What is the tens digit of y?
2
Suppose -s + 4*s - 12 = 0. Suppose s*l - 69 = l. What is the units digit of l?
3
Suppose f + 17 = 5*m, 0 = 3*m + 2*f - 6*f. Suppose 3*d = -d - m*u + 132, -5*d = -u - 165. What is the units digit of d?
3
Let t = 0 - 23. Suppose 0 = -2*i + 92 - 26. Let w = t + i. What is the tens digit of w?
1
Suppose 4*p + 5*y - 11 = 2*p, 2*p + 4*y = 10. What is the units digit of p?
3
Suppose 0*u = 3*k - u - 2, -6 = -k + 3*u. Suppose k = 2*f - 0*f - 22. What is the units digit of f?
1
Let j(t) = t**3 - 10*t**2 + 15*t - 6. What is the tens digit of j(9)?
4
Let h(q) = 3*q - 1. Let r(s) = -16*s + 4. Let m(b) = 11*h(b) + 2*r(b). What is the units digit of m(5)?
2
Suppose -2*v - 2*v = -136. What is the tens digit of v?
3
Let k = 83 - 72. What is the tens digit of k?
1
Let t(p) = -p**2 + 9*p + 2. What is the tens digit of t(7)?
1
Suppose 3*h - 44 = 16. Suppose 4*j - 4 = h. What is the units digit of j?
6
Suppose -112 = 2*z - 6*z. What is the tens digit of z?
2
Suppose 4*n - 4 = -3*p + 21, 2*n = -5*p + 37. Suppose -p*d = -2*d - 90. What is the tens digit of d?
1
Let r(z) = z**3 + 7*z**2 + z - 2. What is the tens digit of r(-4)?
4
Suppose 5*x - 3*x = 4. Suppose 3*m = 3*d + 6, 4*d = -5*m + 2 + 8. Suppose -x = -m*k + k. What is the units digit of k?
2
Suppose 19 = 4*h + 3. Suppose -h - 10 = -2*z. What is the units digit of z?
7
Let g = -121 + 235. Suppose -4*j + i + g = 0, 4*j - 4*i = 14 + 106. Suppose 5*a - j = -8. What is the units digit of a?
4
Let c = -11 - -3. Let y = c + 16. What is the units digit of (y/(-6))/((-6)/81)?
8
Suppose -19 = 3*h + c, c + 1 = 5*h + 46. Let g = h - -10. Suppose g*w = w + 4, -4*w + 37 = 3*z. What is the units digit of z?
7
Suppose -2*r + 52 = -2*b, r + 2*b - 52 = -r. What is the tens digit of 13/r + 47/2?
2
Let w = 1 - -1. Suppose 6*r - 252 = w*r. Suppose 0 = 5*q - r - 42. What is the tens digit of q?
2
Let h = -4 + 8. Let y(l) = -l**2 + 2. Let u be y(h). Let m = -10 - u. What is the units digit of m?
4
Let h(p) = -5*p**3 + 9*p**2 - 23*p - 9. Let j(r) = 2*r**3 - 5*r**2 + 11*r + 4. Let q(b) = 3*h(b) + 7*j(b). What is the units digit of q(-9)?
0
Let n(l) = l**3 - 6*l**2 + 6*l - 6. Let z be n(6). What is the units digit of -3 - (-3)/(9/z)?
7
Suppose -2*t = -11 + 7. Suppose -t*n + 3*n - 4 = 0. Suppose 69 + 11 = n*q. What is the tens digit of q?
2
Suppose 7*u - 6*u = 3. Suppose 100 + 29 = u*r. What is the units digit of r?
3
Let h(w) = -124*w + 11. What is the hundreds digit of h(-2)?
2
Let b = 19 - 1. What is the tens digit of b?
1
Let f = -15 - -74. What is the tens digit of f?